Let f be h(k). What is the greatest common divisor of f and 4?
4
Let o be (-100)/30*(-12)/((-2)/(-1)). What is the highest common divisor of 30 and o?
10
Let l be (-3573)/(-63) - 2/(-7). What is the highest common factor of 228 and l?
57
Let v = 66 - 17. What is the highest common divisor of v and 7?
7
Suppose 3*p = -3*g + 171, 0 = 3*p - 7*p + 2*g + 216. What is the greatest common factor of p and 11?
11
Let u = 13 + -12. Let w(a) be the second derivative of a**3 + a. Let b be w(u). Calculate the greatest common divisor of 24 and b.
6
Let x be 2*55/2 - 2. Suppose -u + x - 18 = 0. Suppose -8 - 13 = -3*s. What is the greatest common factor of u and s?
7
Suppose 3*f - 30 = 2*f. Let y(j) = j**2 - 7*j + 9. Let u be y(6). Suppose -u*i + 30 = -6. Calculate the highest common factor of f and i.
6
Let u(r) = -2*r - 4. Let w be u(-11). Calculate the highest common factor of w and 2.
2
Suppose 30*d - 25*d = 420. Calculate the greatest common divisor of 21 and d.
21
Let l be 600/27 + 6/(-27). What is the highest common factor of 154 and l?
22
Let l be 5 + 4*(-3)/(-6). Let k(y) = -y. Let q be k(-1). Calculate the greatest common factor of l and q.
1
Suppose 0 = -5*b - 5 - 10. Let k be 4/(-6)*(-54)/b. Let t = k - -18. Calculate the greatest common divisor of t and 4.
2
Suppose -f + 3*z + 171 + 12 = 0, -f = z - 163. Suppose f = -k + 3*k. Suppose -o = -4*o + k. What is the highest common factor of o and 42?
14
Let g be (70/15)/((-2)/(-3)). Let s = -6 + g. Calculate the greatest common factor of s and 5.
1
Let q(d) = -3*d**2 + 5*d**2 + 12 + 0*d**2 + 8*d + 9*d. Let z be q(-12). Let w = -9 - -21. Calculate the greatest common divisor of w and z.
12
Suppose 0 = -2*i - i - 6. Let m = i + 6. Let v = 37 + 7. What is the highest common factor of v and m?
4
Let q = -5 - -23. Calculate the highest common factor of q and 9.
9
Suppose -9*i + 7*i = -6. Suppose 3*o - 7 = -1. Suppose o*z + 68 = i*z. What is the greatest common factor of z and 17?
17
Let x(o) = -o + 2. Let s be x(0). Suppose -70 = -3*b - s*b. Calculate the highest common divisor of b and 35.
7
Suppose 12 = -b - 0*b. Let j = -11 - b. Suppose f = -f + 5*o + 23, -2*o = -f + 10. What is the highest common divisor of f and j?
1
Suppose -5*c + 5*o + 180 = 0, 2*c = -0*o + o + 76. What is the greatest common divisor of 5 and c?
5
Suppose -4*n - w = 2*w - 1068, w = 3*n - 814. Let q be n/3 - 0/1. Calculate the highest common divisor of 10 and q.
10
Suppose c = -s + 6, -2*c - 5*s - 5 = -4*c. Let w(j) = 11*j**2 - 1. Let k be w(1). Calculate the highest common divisor of k and c.
5
Let o = 26 - 18. Suppose z = 7 + o. Let x = -10 + z. What is the greatest common divisor of x and 15?
5
Suppose 2*p = -3*p + 245. Let m = p + -9. What is the highest common divisor of 5 and m?
5
Let j(x) = -3*x - 97. Let z be j(-33). Suppose 3*d + 2*d = 30. Calculate the highest common factor of d and z.
2
Suppose 4*r + 30 = 6*r. What is the highest common divisor of 45 and r?
15
Let t(f) = -4*f + 21. Let w be t(3). What is the greatest common factor of 3 and w?
3
Let j(q) = -q**2 - 9*q - 7. Let d be j(-5). Calculate the greatest common divisor of d and 143.
13
Suppose 3*f + 6 = 2*s, -18 - 1 = 5*s + f. Let v be (-4)/12 + (-25)/s. Calculate the highest common divisor of 1 and v.
1
Suppose -2*c + 0*k - k - 14 = 0, 2*c = 2*k - 2. Let b = 3 - c. Suppose -t - 18 + 131 = 5*l, 0 = 4*l - 20. What is the greatest common divisor of t and b?
8
Let y(i) = 49*i - 2. Let f be y(2). Let q be 4/(-8)*-102 + -3. Suppose 2*m + 8 = 4*m + 4*n, 3*n = 3*m - q. Calculate the greatest common divisor of f and m.
12
Let t = 392 - 144. Calculate the highest common factor of 31 and t.
31
Let y(i) = -9*i - 14. Let a be y(-6). Calculate the highest common divisor of a and 16.
8
Let i(a) = 5*a**2 + 2*a + 5. Let d be i(-3). What is the greatest common factor of 33 and d?
11
Let x = -19 + 25. What is the greatest common divisor of x and 6?
6
Let d = 0 - -1. Let h be d/2*-1*0. Suppose h = -2*z + 18 - 6. Calculate the highest common factor of 18 and z.
6
Suppose 100 = 2*w + 2*y, -w + y = -6*w + 230. What is the highest common divisor of 9 and w?
9
Suppose 3*z - 4*z = -10. Calculate the highest common factor of z and 110.
10
Let a = 90 - 68. Calculate the highest common divisor of 110 and a.
22
Let d = 167 - 155. What is the highest common factor of 42 and d?
6
Suppose 78 = 4*z - 5*u, 7 - 1 = -3*u. What is the highest common divisor of 1 and z?
1
Suppose -3*m + 132 - 2 = 4*l, l = -2*m + 80. Calculate the highest common factor of m and 19.
19
Let b = 71 - 20. Suppose -5*h - t + 85 = 0, 6*h = 5*h - 4*t + 17. What is the highest common factor of h and b?
17
Let s be (1 + 5/(-2))*-2. Suppose d = -2*d + s. What is the highest common factor of d and 1?
1
Let p = -27 - -48. Suppose -p = -5*q + 34. What is the greatest common divisor of q and 55?
11
Let p(a) = 20*a**2. Let f be (-1)/(4/(-12)*-3). Let y be p(f). What is the highest common factor of 20 and y?
20
Suppose -6*b + 235 = -b. Suppose 5*r = -3*o + b, 3*r - 3*o - 6 - 3 = 0. Calculate the greatest common factor of 28 and r.
7
Let o = -6 - -8. Suppose 3*j = 3*s, 4 = -o*s - 2*j + 8. Calculate the highest common factor of s and 4.
1
Let v(m) = -m**3 + 5*m**2 - m - 5. Suppose -k = -6*k + 20. Let w be v(k). What is the highest common factor of w and 49?
7
Let q = 3 - 3. Let v be (0/(-3) - q) + 1. Let f(p) = 63*p**3 + p. Let a be f(v). What is the highest common factor of 16 and a?
16
Let u(x) = -x**2 - 18*x - 49. Let p be u(-4). Calculate the greatest common factor of 133 and p.
7
Suppose 0 = h - 0*h. Suppose h = -2*y - 0 + 4. Let a be y/2 - 1*-35. What is the greatest common divisor of a and 18?
18
Let v be 3 + 0 + (-3 - -3). Suppose -s + 39 = 3*o, o + v*o + 3*s = 57. What is the highest common divisor of 96 and o?
12
Suppose 4*o + 4 = -20. Let i be 2/(o/(-45)) + -1. What is the highest common divisor of i and 42?
14
Let k(u) = -u**2 + 10*u - 4. Let t be k(9). Suppose -5*l - t*j + 85 = 0, 3 = -l - 2*j - 3*j. What is the highest common factor of 2 and l?
2
Let y = 21 - 13. Suppose y*d = 9*d - 22. Calculate the greatest common factor of d and 198.
22
Let o(f) = 16*f**2 + 2*f - 1. Suppose j - 3*j + 2 = 0. Let m be o(j). What is the highest common factor of 51 and m?
17
Suppose -44 = 2*h - 2*z - 210, -z = 3*h - 253. What is the highest common factor of 12 and h?
12
Let l(o) = 14*o**2 - 2. Let b = 3 + -4. Let d = 3 + b. Let c be l(d). Calculate the greatest common factor of 36 and c.
18
Suppose 4*i - 4*u = 104, -5*i + 2*u + 128 = -2*u. What is the highest common factor of 72 and i?
24
Let g = 13 + -8. Calculate the greatest common divisor of g and 20.
5
Suppose 4*g - 133 = 5*t, -3*g - 5*t - 165 = -8*g. Calculate the highest common divisor of g and 64.
32
Suppose -27*s = -22*s - 340. Calculate the greatest common factor of s and 51.
17
Let o = 34 - 1. Let m(b) = -4*b + 87. Let s be m(21). What is the greatest common factor of s and o?
3
Let u(o) = 3*o**2 + o. Let p be u(-1). Suppose -5*i + 70 = 2*y + 13, -y + 23 = p*i. What is the highest common divisor of 55 and i?
11
Suppose 2*w = 5*r - 25, -3*r - 4*w - 9 = 2. Let i be 11 + -5 - 10 - (-7 - 0). What is the highest common divisor of i and r?
3
Let u = 13 - 10. Suppose i = 2*b + 229, 0 = 2*b + 1 - u. What is the greatest common divisor of 21 and i?
21
Let w = 173 - 170. Calculate the greatest common divisor of w and 57.
3
Suppose 4*j + j - 295 = 0. Let u = j - 4. Calculate the greatest common factor of 22 and u.
11
Suppose -3*l + 2*l = 5*w + 395, 415 = -5*w - 5*l. Let u = -44 - w. What is the greatest common factor of u and 85?
17
Suppose 3*a = -n + 16, 0*a - 156 = -5*n + 4*a. What is the greatest common factor of 7 and n?
7
Let i(t) = -t + 3. Let x be i(3). Suppose -n + 2*n - 135 = x. Calculate the greatest common factor of 15 and n.
15
Let k be 7/(2/2) - 3. Suppose k*q - 7*q - o = -29, 2*o + 8 = 0. Calculate the highest common factor of q and 88.
11
Let s = -139 - -211. Let p(o) = 3*o - 10. Let h be p(6). What is the greatest common divisor of s and h?
8
Let a(m) = 14*m**2 + m. Let s(h) = 14*h**2 + h. Let c(o) = 4*a(o) - 3*s(o). Let y be c(-1). What is the greatest common factor of 91 and y?
13
Suppose b = -3*b, 3*f + b = 21. Let m(n) = n**3 - 8*n**2 + 10*n - 8. Let u be m(f). Let t be